factor of b and 11?
11
Let i be ((-12)/(-18))/((-4)/(-42)). What is the greatest common divisor of i and 1?
1
Let t(i) = -7*i - 13. Let n be t(-3). What is the highest common factor of n and 4?
4
Let s(h) = -4*h. Let z be s(6). Let q be 15/6*z/(-15). Suppose 3*g = 4*p - 42, -2*g + 4*g - q = 0. What is the highest common factor of 36 and p?
12
Suppose 0 = 3*w - 6*w - 24. Let y = w - -19. Suppose 0 = -2*z + 2 - 0, 3*z = -k + 4. What is the highest common factor of y and k?
1
Suppose -30 = -40*v + 34*v. What is the highest common factor of v and 45?
5
Suppose 5*r - 1280 = -5*v, 5*r + 2*v + 2*v = 1277. Let i = r - 154. Calculate the greatest common factor of i and 9.
9
Suppose -160*u = -158*u - 36. Let f be (-6)/1*(-1)/1. Calculate the highest common divisor of u and f.
6
Let d be 10/6 + -2 + (-392)/(-6). What is the highest common divisor of 26 and d?
13
Let d = 24 + -8. Let p(z) = 2*z**2 - 10*z - 10. Let k be p(6). Calculate the highest common factor of d and k.
2
Suppose -5*a - c + 5*c + 320 = 0, 5*a + c - 295 = 0. Let t be (-18)/4 - (-1)/2. Let i be t/10 - 366/(-15). Calculate the highest common divisor of a and i.
12
Let u = 345 + -233. Calculate the highest common factor of u and 7.
7
Suppose 2 = 5*i - 28. What is the greatest common factor of 15 and i?
3
Let i be 12/24*(1 - -21). Calculate the highest common divisor of i and 33.
11
Let o = 13 - 7. Let z = -4 + o. Suppose -z*u - 23 = -4*u + w, -34 = -u + 5*w. What is the greatest common factor of 1 and u?
1
Let c be -1 + 2 + 47 + -3. What is the greatest common divisor of 18 and c?
9
Let r(z) = 2*z**3 + z**2 - 3*z + 44. Let x be r(0). Suppose -3*c - 16 = -8*c + 2*n, 2*c = -3*n + 14. Calculate the highest common factor of c and x.
4
Suppose -3*r = 2*r + 5*d - 25, 0 = 3*d + 3. Suppose -4*n = -r*n + 112. What is the highest common factor of 8 and n?
8
Let p be 204/10 + (-2)/5. Suppose p = -0*n - 5*n. Let q(j) = j**3 + 6*j**2 + 4*j - 2. Let x be q(n). Calculate the greatest common divisor of 21 and x.
7
Let u(x) be the third derivative of x**6/40 - x**5/12 + 5*x**4/24 - 6*x**2. Let m be u(4). What is the greatest common factor of m and 12?
12
Let h = -218 + 423. Let c be 0 + -2 + 4 + h. Suppose 4*m + 0*m = 5*t - 111, -5 = -5*m. Calculate the greatest common divisor of c and t.
23
Let x = 57 + -44. Suppose -5*d = -0*d - 65. What is the greatest common divisor of x and d?
13
Suppose k - 30 = -4*j, 40 = 2*k + 3*j + j. What is the greatest common factor of 25 and k?
5
Suppose -5*k + 4*n + 124 + 51 = 0, -3*n = -3*k + 105. Calculate the highest common factor of k and 14.
7
Let q be 3/(-3) - 6 - 2. Let n be (-78)/((-2)/((-24)/q)). Suppose 86 = 3*f - 5*c, -4*c = 5*f - 2*f - n. Calculate the greatest common divisor of f and 16.
16
Let a = 28 + -15. What is the greatest common factor of 65 and a?
13
Let l(r) = r - 5. Let f be l(11). Calculate the highest common factor of f and 48.
6
Let b = 2 - 1. Suppose -u + 4 - 1 = 0. Suppose -u*m - 13 = -l - m, 3 = -4*l - 3*m. Calculate the highest common factor of l and b.
1
Suppose -4*f = u + 8, 2*u = 2*f + 3*f - 81. Let a = u - -42. Suppose 70 = 6*h - 4*h. Calculate the highest common divisor of h and a.
7
Suppose -2*m = -m - 2. Suppose -3*q = 2*t + q - 166, -m*t = 2*q - 160. What is the greatest common divisor of t and 7?
7
Let w(t) = 3*t + 3. Let k be w(3). Suppose k*a - 8*a - 60 = 0. What is the highest common divisor of a and 5?
5
Suppose -2*b - 3*b + 45 = 0. Let t be b/36 - 22/(-8). What is the highest common factor of t and 6?
3
Let i(o) = o**3 + 9*o**2 + o + 12. Let b be i(-9). What is the highest common divisor of 1 and b?
1
Let t(r) = r**2 + 4. Let z be t(8). Suppose -67 - z = -v. What is the greatest common factor of v and 15?
15
Suppose 3*h - 554 = 574. Suppose -5*u = -1916 + h. Calculate the greatest common factor of u and 28.
28
Let d be 3 - 2/((-8)/(-36)). Let h be (30/20)/(d/(-76)). What is the highest common divisor of 19 and h?
19
Let n(x) = x + 7. Let v be n(-6). Let f = 3 + -2. What is the highest common divisor of f and v?
1
Suppose 5*a - 2*g - 2737 = -0*a, -3*g + 561 = a. Suppose a = 5*i + 29. Calculate the greatest common divisor of 13 and i.
13
Let y(h) = -17*h - 11. Let p be y(-11). Suppose 3*k = z - 108, -2*z - 2*k = 2*k - p. What is the highest common divisor of 12 and z?
12
Let j be (-5)/10*(-136)/2. What is the highest common divisor of 102 and j?
34
Let h be 4/3*9/2. Let r = 32 + -8. Calculate the greatest common divisor of r and h.
6
Suppose 3*b - 5 = v + 2, -3*v = 5*b + 7. Let r(o) = -3*o**2 - 4*o - b + 6*o**2 + 3. Let y be r(3). What is the greatest common factor of 170 and y?
17
Suppose 0*a - 3*m - 4 = -a, -5*m - 8 = -a. Let f = 5 + a. Suppose -u - 56 = -f*u. What is the greatest common divisor of u and 42?
14
Let m = 73 + -43. Let k be 8/(2 - 6)*-10. Calculate the highest common divisor of k and m.
10
Let y(j) = -7*j - 2. Let x(s) = 15*s + 3. Let a(g) = -6*x(g) - 10*y(g). Let f be a(-2). Calculate the greatest common factor of f and 6.
6
Let x(o) = o**2 - 9*o - 7. Let q be x(-7). Calculate the greatest common divisor of q and 15.
15
Suppose 4*w = -0*w. Suppose -2*u + 7 + 5 = w. Let h be 1 - (u/(-3) - 30). What is the greatest common divisor of h and 3?
3
Let p = 44 - -4. Let s(r) = -r**3 - 7*r**2 - 5*r + 2. Let l be s(-7). Let j = l + -25. What is the greatest common factor of j and p?
12
Suppose -4*i + 356 = 4. Let b(o) = -o**3 + 6*o**2 + 7*o - 7. Let a be b(7). Let z = 15 + a. What is the highest common factor of i and z?
8
Let g(x) = 4*x**2 - 6*x + 12. Let i be g(3). What is the greatest common divisor of i and 210?
30
Let a be (1320/(-32))/((-3)/12). What is the highest common factor of 15 and a?
15
Suppose -1290 = -12*y + 1158. What is the greatest common divisor of 24 and y?
12
Let y = -96 - -231. What is the highest common divisor of y and 15?
15
Suppose s = 2*o + 51, -s - s - 4*o = -118. Suppose 2*g = 5*y + 136, g + y + 3*y = s. Calculate the highest common divisor of 21 and g.
21
Suppose -2*o + 100 = j, -2*j = 2*o - 0*j - 100. Let d be 280/(-42)*(-3)/2. What is the greatest common divisor of d and o?
10
Suppose 5*h - 2*x - 87 = 0, -3*h + 50 = -4*x - 5. What is the greatest common factor of 68 and h?
17
Suppose 5*h + 11 = 2*m, -4*m = m - 3*h - 18. Let z be (0*(-3)/9)/(-1). Suppose z = j + m*j - 160. What is the highest common factor of j and 16?
8
Let d(v) = 95*v**2 + v - 1. Let a be d(1). Calculate the highest common divisor of a and 38.
19
Let a be 1283/5 - ((-3)/(-5))/1. What is the highest common factor of 32 and a?
32
Suppose -9 = -3*o - 3. Let w be 84/22 + (-4)/(-22). Suppose -w - 4 = -4*a. Calculate the highest common factor of o and a.
2
Let g be (-187)/(-9) + (-52)/(-234). What is the highest common factor of g and 6?
3
Suppose 0 = 82*c - 87*c + 150. Let p(d) = -d**3 - d**2 + d - 7. Let x be p(0). Let t = x + 19. Calculate the greatest common divisor of t and c.
6
Suppose -3*y + 6*y + 30 = 0. Let a be 4/y*(-108 - -8). Calculate the highest common factor of 16 and a.
8
Suppose 5*f = -2*w + 290, 3*f - w - 118 - 67 = 0. Suppose 4*y + f = -5*h + 210, 4*h = 2*y - 62. What is the greatest common divisor of 7 and y?
7
Let k(a) = -a**2 - 3*a + 5. Let s be k(-4). Calculate the greatest common divisor of 4 and s.
1
Let o = -453 - -457. Suppose 9 + 11 = 5*l. What is the highest common factor of o and l?
4
Suppose u = x - 2*x - 3, 4*x - 5*u - 33 = 0. What is the highest common factor of x and 2?
2
Let n = 7 - 5. Suppose -4*w = -4*g, n = -2*w + 10. Let i be ((-2)/(-4))/(g/120). What is the highest common factor of 60 and i?
15
Suppose -2*a + 224 = -a. What is the highest common factor of 28 and a?
28
Let b(r) = -r**3 + 5*r**3 + r + 2 - 2*r + 12*r**2 - 3*r**3. Let d be b(-12). What is the greatest common factor of 154 and d?
14
Let p = -43 - -83. What is the highest common divisor of p and 24?
8
Suppose s + s = 26. Let y = -7 + 20. What is the highest common divisor of s and y?
13
Let o(q) = 227*q**2 - 2*q + 1. Let m be o(1). Let i be 6 + -6 + -3 + 5. Let p be (1 - m)*i/(-5). Calculate the highest common divisor of p and 10.
10
Suppose -3*f + 5 = -u - 6, 0 = 5*u + 3*f - 17. Let s(h) = 154*h**2 + h - 1. Let q be s(u). What is the highest common divisor of q and 14?
14
Suppose 3*f + 10 = 5*n, -4*n + 2*f = -f - 8. Let b = 5 - 